 y(p) = 426*p - 341. Let x be y(1). What is the greatest common divisor of x and 10795?
85
Suppose 4*z = 5*k + 128, 4*z + 84*k - 128 = 85*k. Let o(n) = -785*n - 1. Let f be o(-1). Calculate the highest common factor of f and z.
16
Suppose 0 = 27757*i - 27755*i - 3994. Calculate the highest common divisor of 1 and i.
1
Suppose -f - 4*b + 0*b = 216, 2*b = 4*f + 828. Let q = f + 227. What is the greatest common divisor of 76 and q?
19
Let s(a) = 33*a - 244. Let t be s(8). Suppose 2*l + 28 = -2*k - 16, 0 = 3*l - 2*k + 46. Let j = l - -26. Calculate the greatest common divisor of j and t.
4
Let h(p) = 4*p**2 - 28. Let c be h(8). Let u be (-3 - -88)*c/60. What is the highest common factor of 85 and u?
17
Let g = 14441 + -13369. What is the greatest common divisor of 5092 and g?
268
Let z(k) = 15*k - 54. Let y be z(4). Suppose -f + 54 = 3*m, y*m + 4*f - 45 = 3*m. Calculate the highest common factor of m and 589.
19
Let k(u) = 2*u**3 + 42*u**2 + 26*u - 160. Let m be k(-20). Calculate the highest common divisor of 48 and m.
24
Suppose 4*d = 2*z + d - 417, -5*d + 1005 = 5*z. Let w be ((-7905)/(-1705))/(4/44). Calculate the greatest common divisor of z and w.
51
Let h(k) = -4*k + 18. Let x = 40 - 58. Let n be h(x). What is the greatest common factor of 30 and n?
30
Let m(v) = v + 8. Let l(i) = i**3 - 3*i**2 - 7*i + 1. Suppose z = 2*z - 5. Let q be l(z). Let c be m(q). What is the greatest common divisor of 36 and c?
12
Suppose 0 = -132*v - 17*v + 2339308 - 224551. Calculate the highest common divisor of 342 and v.
171
Let b(a) be the third derivative of a**5/60 - 37*a**4/24 + 95*a**3/6 + 8*a**2 - 11*a. Let x be b(38). What is the greatest common factor of 7 and x?
7
Let m = -3056 - -3271. Calculate the greatest common factor of m and 86.
43
Let r be 90/5*((-10)/(-4) + -2). Suppose -7*v = -r*v - 164. Let b = -51 - v. What is the greatest common factor of 62 and b?
31
Suppose 0 = -1121*h + 1065*h + 840. Let c be -6*(-1 + 1 + -2). Suppose 0 = -4*k - 0*k + c. Calculate the highest common divisor of h and k.
3
Suppose 3*i + 1192 = 4*d, 2*i + 2352 = -23*d + 31*d. Let q = 162 + 57. Calculate the greatest common divisor of d and q.
73
Suppose -28 = 7*x - 49. Suppose 4*m = -x*g + 63, -9 = g + 2*g. What is the highest common divisor of 30 and m?
6
Suppose 5*z + 1 = 2*m, 7*m = 2*z + 3*m - 6. Let n(c) = -20*c**3 - c - 1. Let r be n(z). What is the highest common factor of r and 4?
4
Let g(c) = 689*c**2 - 39*c - 42. Let f be g(-1). Calculate the greatest common factor of f and 1862.
98
Suppose -2*t + 3*f = -370 - 160, 4*f + 8 = 0. What is the greatest common factor of t and 8?
2
Let j = 295 - 422. Let x be (-246)/(-48) + -5 - j/8. Calculate the highest common factor of 464 and x.
16
Let c be 22/6 + 2*(-4)/(-24). Suppose -2*d + 158 = c*h, h - 2*d + 16 - 68 = 0. What is the greatest common divisor of h and 36?
6
Suppose -2*x + 864 = 2*x. Let y be ((-503)/(-44) + 2/(-11))*336/140. Calculate the highest common divisor of y and x.
27
Suppose -c + 58 = 4*x, 253 = 5*c + 4*x - 21. Suppose -122*v = -121*v - 6. What is the highest common divisor of c and v?
6
Suppose b + 4*f = 3*f + 92, -5*b = 4*f - 458. Let n(y) = 474*y - 7574. Let t be n(16). What is the highest common factor of t and b?
10
Let v be (0 + -1)*-697 - (11 + -10 + -1). Calculate the highest common divisor of v and 68.
17
Suppose 3 = -3*u - 27. Let f(x) = x**2 - 3*x - 22. Let b be f(u). Suppose 0 = -5*a - 43 + b. What is the highest common factor of 13 and a?
13
Suppose -p - h - 3 + 4 = 0, 0 = 3*p + h - 7. Suppose 27 = 4*z + 11, p*l = -5*z + 56. Calculate the highest common divisor of 192 and l.
12
Let m be 2/7 + (-120)/(-21) + -3. Suppose -m*i + 1035 = 3*c, -4*c = -2*i - 2*i - 1396. Let o = -237 + c. Calculate the highest common divisor of o and 11.
11
Let q be (56/(-70))/(0 - 2/5). Suppose q*b = 7*b - 135. Suppose a + b = 2*h, 4*h + a = 60 + 9. What is the highest common factor of 4 and h?
4
Let z be -18*(-2)/96 - 122007/(-24). What is the highest common factor of 41 and z?
41
Let y be 1205/(-15)*-3 - (-10)/(-1). Let x = 31 + -10. What is the greatest common divisor of y and x?
21
Let g be -1*((-39)/3 + 2). Let f(q) = 87*q + 19156. Let h be f(-215). Calculate the greatest common factor of g and h.
11
Suppose 2*j + 3*a = 23 + 37, -4*a + 157 = 5*j. Let x = 330 - 231. What is the greatest common factor of j and x?
33
Let l be 16492/60 - (-86)/645. What is the greatest common factor of 165 and l?
55
Let k(z) = -2*z**2 + 6*z - 18. Let r be k(-8). Let f be r + 1 + 4/(-3 - 1). Let s = f + 320. What is the greatest common divisor of s and 14?
14
Let y be (52 - (1 + -1)) + 0. Suppose -30 + 24 = 3*i, -4*g = -3*i - 118. Suppose l - g = 11. What is the greatest common factor of y and l?
13
Let y = -245526 + 245571. Suppose 0 = -3*l + 3*c + 129, 2*l - 4*c = -3*l + 217. What is the highest common factor of l and y?
45
Let n be 0 - (2 + 1) - -28. Suppose -n = -3*b + 119. Suppose 14*v = 12*v + b. What is the greatest common divisor of v and 84?
12
Let l = 25790 - 25780. Calculate the highest common divisor of 15130 and l.
10
Let k = 168 + -88. Suppose -4*p = -4*h + 20, -4*p + h - 5 + 0 = 0. Suppose p = 2*z - 6*z + 80. Calculate the highest common factor of k and z.
20
Let o = 5932 + -5855. Calculate the greatest common divisor of 63 and o.
7
Let p(w) = 3*w**2 - 79*w + 223. Let l be p(24). What is the highest common divisor of l and 440?
55
Let i(y) = y + 7. Let t be i(3). Suppose t*k - 50 = -10. Let q = 17 + k. Calculate the highest common factor of 21 and q.
21
Let m be 34*4/(8 + -4). Let s = m - 30. Let j be -34*(s - 11/2). Calculate the highest common divisor of j and 34.
17
Let v(r) = -r**3 + 27*r**2 - 50*r + 2. Let f be v(25). Suppose m - h = 232, m + f*h - 916 = -3*m. What is the greatest common divisor of 23 and m?
23
Let h = 5 - 6. Let c be (28 - ((0 - h) + 1)) + 1. Let g = c - 20. What is the highest common factor of g and 21?
7
Let x = 277 + -185. Suppose 5*q = -4*j + 372, 0 = -4*q - 5*j - 0*j + 294. Let a = x - q. What is the greatest common divisor of a and 24?
8
Suppose -4*u = -5*k - 246, -2*k = u - 2*u + 63. Let a = -31 + u. Let q = -17 + a. Calculate the greatest common divisor of q and 121.
11
Let c be (-21 - -11)/((-175)/140). Calculate the greatest common divisor of c and 3020.
4
Suppose -5*q - 9 = -2*l + 64, -l + 47 = q. Let u be ((-14)/3)/(2/12). Let h = u + l. What is the greatest common factor of 144 and h?
16
Let z be (48/(-28))/(1 + 5/(-7)). Let b(w) = -w**2 - 4*w + 6. Let q be b(-4). Let i be q/9 - 134/z. What is the highest common divisor of 253 and i?
23
Let h be (37 + -35)/((-2)/(-3)). Suppose h*r = 590 + 628. What is the greatest common factor of r and 14?
14
Let x be (813/3 + -4)*1. Suppose 0*q - 4*q - 3*y = -993, 0 = q - 3*y - x. Suppose 7*u - q = 4*u. Calculate the highest common factor of u and 12.
12
Suppose 351 - 336 = 3*r. Suppose -x + 5*z + 435 = 0, -r*x - 884 = -7*x - 4*z. What is the highest common divisor of x and 33?
11
Let c(n) = -n**3 + 18*n**2 + 38*n + 43. Let z be c(20). Suppose -2*o + z*a = -38, 33 + 9 = 2*o - 5*a. Calculate the greatest common factor of o and 6.
2
Let p be 665 + ((-3)/6)/(6/60). Calculate the greatest common divisor of 120 and p.
60
Suppose -2*c - 5*j + 86170 = 0, 4*c - 215484 = -c + 17*j. Calculate the greatest common factor of c and 62.
62
Let f(q) = -56*q + 1725. Let h be f(28). Calculate the highest common divisor of 4 and h.
1
Let q(w) = w**2 + 162*w - 3500. Let d be q(20). Suppose 0*g = -3*g + 120. Calculate the greatest common factor of d and g.
20
Suppose 0 = y - 2*t - 84, 3*y + t - 5*t - 250 = 0. Let m = 245717 - 245512. What is the highest common divisor of y and m?
41
Let f be 231/4 - 2/(-8). Let n = -53 + f. Suppose n*c - 40 + 15 = 3*o, -2*o - 15 = -3*c. What is the highest common factor of c and 35?
5
Suppose -50*s + 51*s - 393 = -3*p, -p = s - 387. What is the highest common divisor of s and 84?
12
Suppose 2*r - 7*h = -6*h + 557, 0 = r - 3*h - 276. What is the highest common factor of r and 2325?
93
Let o = -31183 - -35823. What is the greatest common factor of 2030 and o?
290
Let x = 46 - 44. Let s(h) = 4*h - 6. Let a be s(x). Suppose y = -5*i - 17, -a*i - 18 = -2*y - 4. Calculate the greatest common factor of y and 1.
1
Let y(s) be the third d